what is -100110 - 101011010011111?
-101011011000101
In base 12, what is 2772 - -8b?
2841
In base 3, what is 1010 + 1121112?
1122122
In base 9, what is 852221 + -2?
852218
In base 3, what is -10201200 + -20?
-10201220
In base 11, what is 4 + 6575?
6579
In base 16, what is -28a5ef - 2?
-28a5f1
In base 4, what is 11 - -102302?
102313
In base 10, what is 7 - -257128?
257135
In base 9, what is -52058 - 0?
-52058
In base 11, what is 4 + 247460?
247464
In base 15, what is 1 + e9b5a?
e9b5b
In base 13, what is -aa73c9 - 1?
-aa73ca
In base 12, what is -12 - 213?
-225
In base 14, what is 2 + -185412?
-185410
In base 6, what is -13 - -103021?
103004
In base 10, what is -4411 + 47?
-4364
In base 5, what is -10310314 + -11?
-10310330
In base 9, what is -2318 + -143?
-2462
In base 13, what is 5a + -50?
a
In base 3, what is 2 - 201200012122?
-201200012120
In base 2, what is -1100 - 1100001011?
-1100010111
In base 8, what is -10 - -255346?
255336
In base 14, what is 11a75 - 3c?
11a37
In base 6, what is -1024303511 + -5?
-1024303520
In base 12, what is 5 + -3600a5?
-3600a0
In base 16, what is ee49 + 4?
ee4d
In base 2, what is -1000111 - 101001111?
-110010110
In base 16, what is -3b7b - 2c?
-3ba7
In base 16, what is 7c7 + -22?
7a5
In base 8, what is -1 + 6523?
6522
In base 10, what is 107005 - -3?
107008
In base 10, what is -7 + -21232?
-21239
In base 12, what is -1544 + -67?
-15ab
In base 2, what is 11010000100111001011111 - 1?
11010000100111001011110
In base 4, what is 13213033 + -323?
13212110
In base 4, what is 10 + 30230201?
30230211
In base 7, what is 2 + 1003531?
1003533
In base 6, what is -355205 + 30?
-355135
In base 2, what is -10001010001000001001 + 10?
-10001010001000000111
In base 16, what is 0 - 17e3b?
-17e3b
In base 4, what is 112131221 - 100?
112131121
In base 8, what is 1663 + 22?
1705
In base 6, what is 23 - -215510?
215533
In base 14, what is -30d872 - 4?
-30d876
In base 8, what is -2 - 2320?
-2322
In base 3, what is -10 + 20110022002?
20110021222
In base 5, what is 21131 - 11?
21120
In base 4, what is -1003303133 - 2?
-1003303201
In base 4, what is -11 + -1220103?
-1220120
In base 3, what is 221202 + -210221?
10211
In base 9, what is -12 - -358?
346
In base 16, what is -584c - 16?
-5862
In base 6, what is -52501 + -3440?
-100341
In base 11, what is -18 + -23222?
-2323a
In base 8, what is 5614 + -1246?
4346
In base 9, what is -1027474 + -1?
-1027475
In base 7, what is -45 + -102530?
-102605
In base 8, what is 336 + -1055?
-517
In base 10, what is 38 + 2430?
2468
In base 2, what is 10 + -110101001?
-110100111
In base 13, what is -4a - -c228?
c1ab
In base 12, what is 2406 + -682?
1944
In base 13, what is 15 - -200b?
2023
In base 3, what is 1210 - 1111210?
-1110000
In base 3, what is 11002 + -1101020?
-1020011
In base 15, what is 54d5 + 0?
54d5
In base 5, what is 40424112 - -3?
40424120
In base 13, what is -c8 - 270?
-368
In base 8, what is -3 - -3033310?
3033305
In base 3, what is -21 - 21212010?
-21212101
In base 16, what is b - 364?
-359
In base 9, what is -2577 - -23?
-2554
In base 9, what is -62 + -576?
-648
In base 14, what is -5 + -c36?
-c3b
In base 7, what is -110 + 43405?
43265
In base 13, what is 16872 - -3a?
168ac
In base 8, what is -10706 - 136?
-11044
In base 3, what is 1101212 - -2112?
1111101
In base 9, what is 7601 + 3?
7604
In base 3, what is 1222001 + 210?
1222211
In base 14, what is 67a - -5d?
6d9
In base 2, what is 101110001100 - -101010?
101110110110
In base 2, what is -111110000 - -11010101001?
10010111001
In base 2, what is 11 - -1111101110010?
1111101110101
In base 14, what is -2 - 80631?
-80633
In base 15, what is -11 + 100e?
eed
In base 15, what is -c495 + -c?
-c4a2
In base 10, what is 45 - -13055?
13100
In base 10, what is -72569 - -29?
-72540
In base 3, what is -1 + -2000220112?
-2000220120
In base 4, what is 2 + -22031331?
-22031323
In base 10, what is 3 + 2879?
2882
In base 14, what is -887 + -224?
-aab
In base 3, what is -211 + -100010?
-100221
In base 2, what is 100011110011 + 1011001000?
101110111011
In base 14, what is -243 - -40?
-203
In base 13, what is 112365 + 3?
112368
In base 12, what is 46 - -551?
597
In base 8, what is 7765 + -3?
7762
In base 14, what is 0 - -73d7?
73d7
In base 9, what is -165074 - 3?
-165077
In base 8, what is 0 - -62631?
62631
In base 10, what is -10717 + 3?
-10714
In base 11, what is 11115 + -6?
1110a
In base 12, what is 341 + 73?
3b4
In base 15, what is -176372 + -5?
-176377
In base 7, what is -536 + 1256?
420
In base 13, what is -128a + 7?
-1283
In base 7, what is -6546 + 104?
-6442
In base 2, what is 111011101011111011 - 110?
111011101011110101
In base 8, what is -651235 - -10?
-651225
In base 12, what is 2 - -4963?
4965
In base 12, what is 8 - a81b4?
-a81a8
In base 15, what is 4bb - 1348?
-d7c
In base 11, what is -5 - -12708?
12703
In base 4, what is 10000 + -10220033?
-10210033
In base 10, what is -127 + 504?
377
In base 9, what is 4053 + 453?
4516
In base 13, what is -6 + 14bbc?
14bb6
In base 10, what is 2 + -260?
-258
In base 15, what is -348b - -2a?
-3461
In base 3, what is -2011 + -1222?
-11010
In base 3, what is 1102110 + -1211?
1100122
In base 14, what is -5 - -1b?
16
In base 6, what is 10412453 + 10?
10412503
In base 15, what is -199eb - -a?
-199e1
In base 6, what is 3 - 4552133?
-4552130
In base 12, what is 27 + 78?
a3
In base 13, what is 1 - -77b70?
77b71
In base 8, what is 52407300 + -3?
52407275
In base 7, what is 1455 - -4?
1462
In base 15, what is -15eb - 33?
-162e
In base 16, what is 14 - bd?
-a9
In base 7, what is 156441 + 235?
160006
In base 10, what is 0 + -2720?
-2720
In base 5, what is 0 + 13004?
13004
In base 14, what is a3 + c5?
188
In base 7, what is -425060 + -1?
-425061
In base 7, what is -4263 + -6?
-4302
In base 16, what is -1446 + -9?
-144f
In base 6, what is 1254 + 534?
2232
In base 9, what is 4 + 220388?
220403
In base 4, what is -12311313313 - -10?
-12311313303
In base 16, what is -31c + -14?
-330
In base 14, what is 1 - 13a5?
-13a4
In base 7, what is -133 - -500?
334
In base 11, what is a79761 - -4?
a79765
In base 14, what is d - 3c44?
-3c35
In base 14, what is -2b - -76d?
742
In base 3, what is 22 + 11101202210?
11101210002
In base 11, what is -6885a - -5?
-68855
In base 2, what is -100100 - -101010110101?
101010010001
In base 3, what is 0 + 2200021?
2200021
In base 6, what is -4 - -133520?
133512
In base 9, what is 2 - 1240?
-1237
In base 9, what is 27188 - -4?
27203
In base 7, what is -154 + -435354?
-435541
In base 9, what is -16 - -150314?
150287
In base 15, what is -4 + 4ae5?
4ae1
In base 5, what is 10243432 + -3?
10243424
In base 3, what is -11 + -10211021120?
-10211021201
In base 16, what is 397c + -2?
397a
In base 8, what is -33062 + 271?
-32571
In base 7, what is 2665664 + -21?
2665643
In base 12, what is 18 + -a256?
-a23a
In base 13, what is -aa875 + 0?
-aa875
In base 6, what is 30513 - -35?
30552
In base 2, what is -101011100010000110 + 1000?
-101011100001111110
In base 7, what is -136 - 3513?
-3652
In base 10, what is -10630 + -23?
-10653
In base 6, what is 1540 - -1110?
3050
In base 10, what is 1 - 116668?
-116667
In base 3, what is 10 - 100001012?
-100001002
In base 7, what is -116160 - 2?
-116162
In base 15, what is -40db - 5?
-40e1
In base 15, what is 8 + 7413?
741b
In base 16, what is -235 - 181?
-3b6
In base 13, what is -5 + 2b58c?
2b587
In base 5, what is -3300 + -14?
-3314
In base 8, what is 3 + 51621?
51624
In base 6, what is -41332 + -11234?
-53010
In base 11, what is -4a0 + 166?
-335
In base 6, what is 2 + 1512513?
1512515
In base 9, what is -15565 - -10?
-15555
In base 5, what is -4 + 411313?
411304
In base 13, what is -11ba + 592?
-928
In base 12, what is 1756 - 19?
1739
In base 10, what is -1 + -457677?
-457678
In base 13, what is -5 + 54b0?
54a8
In base 5, what is 3 + 200432?
200440
In base 6, what is -3500323 - 2?
-3500325
In base 2, what is 100100011110000000 + 10101?
100100011110010101
In base 3, what is -202 + -1010010212?
-1010011121
In base 7, what is 4040 - -60?
4130
In base 3, what is -102 - -211012120?
211012011
In base 6, what is 345 - 1544?
-1155
In base 10, what is -1673893 + 4?
-1673889
In base 16, what is a1d6 + 15?
a1eb
In base 4, what is 11 - -132330011?
132330022
In base 13, what is -5 + -62a0?
-62a5
